{"id":8,"date":"2020-12-17T07:12:38","date_gmt":"2020-12-17T07:12:38","guid":{"rendered":"https:\/\/www.kalei.cl\/?page_id=8"},"modified":"2024-07-23T08:07:47","modified_gmt":"2024-07-23T08:07:47","slug":"como_comprar","status":"publish","type":"page","link":"https:\/\/www.kalei.cl\/?page_id=8","title":{"rendered":"\u00bfC\u00f3mo comprar?"},"content":{"rendered":"\n<p><strong>\u00bfC\u00f3mo comprar libros?<\/strong><\/p>\n\n\n\n<p>Hacemos env\u00edo a todo Chile por Starken, previo pago con transferencia. Dentro de Santiago puedes pedir env\u00edo personalizado y pagar con tarjeta de d\u00e9bito o cr\u00e9dito o efectivo cuando te hagamos la entrega; en este \u00faltimo caso, dinos tu direcci\u00f3n para calcular cu\u00e1nto cobramos por el transporte.<\/p>\n\n\n\n<p><strong>Tiempo de despacho de libros<\/strong><br>Los libros tienen salida al d\u00eda h\u00e1bil siguiente.<\/p>\n\n\n\n<p><strong>\u00bfC\u00f3mo comprar planos y p\u00f3sters?<\/strong><\/p>\n\n\n\n<p>Los planos y p\u00f3sters vienen enrollados y los entregamos personalmente dentro de Santiago. Para otros destinos, necesitas agregar $10.000 por el embalaje.<br>Los planos y p\u00f3sters enmarcados de m\u00e1s de 30cm tienen solamente entrega personal, dentro de Santiago, ya que no es seguro enviarlos por encomienda.<br>El pago es mediante transferencia.<\/p>\n\n\n\n<p><strong>Tiempo de despacho de planos y p\u00f3sters<\/strong><br>Los planos sin enmarcar salen en 2 d\u00edas h\u00e1biles.<br>Los planos enmarcados econ\u00f3micos salen en 5 d\u00edas h\u00e1biles.<br>Los planos enmarcados de lujo salen en 7-10 d\u00edas h\u00e1biles.<\/p>\n\n\n\n<p><strong>\u00bfC\u00f3mo pagar con transferencia?<\/strong><\/p>\n\n\n\n<p>Los datos son:<br>Banco Santander<br>Cuenta corriente 64691783<br>RUT 15.633.503-7<br>Alejandra Z\u00fa\u00f1iga C\u00e1rdenas<br>Mail kaleieditora@gmail.com<br>Whatsapp: +56952143422<\/p>\n","protected":false},"excerpt":{"rendered":"<p>\u00bfC\u00f3mo comprar libros? Hacemos env\u00edo a todo Chile por Starken, previo pago con transferencia. Dentro de Santiago puedes pedir env\u00edo<\/p>\n<p><a href=\"https:\/\/www.kalei.cl\/?page_id=8\" class=\"more-link\">Seguir leyendo<span class=\"screen-reader-text\">\u00bfC\u00f3mo comprar?<\/span><\/a><\/p>\n","protected":false},"author":1,"featured_media":0,"parent":0,"menu_order":0,"comment_status":"closed","ping_status":"closed","template":"","meta":{"footnotes":""},"class_list":["post-8","page","type-page","status-publish","hentry"],"_links":{"self":[{"href":"https:\/\/www.kalei.cl\/index.php?rest_route=\/wp\/v2\/pages\/8","targetHints":{"allow":["GET"]}}],"collection":[{"href":"https:\/\/www.kalei.cl\/index.php?rest_route=\/wp\/v2\/pages"}],"about":[{"href":"https:\/\/www.kalei.cl\/index.php?rest_route=\/wp\/v2\/types\/page"}],"author":[{"embeddable":true,"href":"https:\/\/www.kalei.cl\/index.php?rest_route=\/wp\/v2\/users\/1"}],"replies":[{"embeddable":true,"href":"https:\/\/www.kalei.cl\/index.php?rest_route=%2Fwp%2Fv2%2Fcomments&post=8"}],"version-history":[{"count":5,"href":"https:\/\/www.kalei.cl\/index.php?rest_route=\/wp\/v2\/pages\/8\/revisions"}],"predecessor-version":[{"id":144,"href":"https:\/\/www.kalei.cl\/index.php?rest_route=\/wp\/v2\/pages\/8\/revisions\/144"}],"wp:attachment":[{"href":"https:\/\/www.kalei.cl\/index.php?rest_route=%2Fwp%2Fv2%2Fmedia&parent=8"}],"curies":[{"name":"wp","href":"https:\/\/api.w.org\/{rel}","templated":true}]}}